f (-3)/(-9)*(-27)/m?
3
Let b = -1 + 2. Suppose -28 = 26*o - 22*o. Let k = b - o. What are the prime factors of k?
2
Let m(b) = b**3 + 11*b**2 + 11*b - 5. Let i be m(-10). Let f be (-1)/3 + (-5)/i. Suppose 2*l + f*l - 22 = -2*w, 3*l + 4*w = 33. What are the prime factors of l?
11
Suppose -6*y = -4*y - 394. What are the prime factors of y?
197
Suppose -2*o + 146 - 36 = 0. Suppose -3*g + o = 13. List the prime factors of g.
2, 7
Let w be 0 + 0 + 1 + 1. Let h be (-1)/(-2)*1*w. Suppose -2*p + 5 = -h. List the prime factors of p.
3
Suppose -3*m + 34 + 56 = 0. List the prime factors of m.
2, 3, 5
List the prime factors of (-994)/(-63) - 4/(-18).
2
Let a be 2 - (-7 + 3)/4. Suppose s = a*s - 22. What are the prime factors of s?
11
Let u(t) be the first derivative of -t**4/4 - t**3 + 2*t - 7. List the prime factors of u(-3).
2
Suppose -3*o = 98 - 29. Let q = o + 29. What are the prime factors of q?
2, 3
Let p(f) = f**2 - f. Let c(r) = 7*r**2 - r + 1. Let j(t) = -c(t) + 6*p(t). What are the prime factors of j(-4)?
3
Let c = 9 - 17. Let y be (-1)/4 + (-282)/c. Suppose -l = 7*f - 3*f - y, -3*l - 31 = -5*f. What are the prime factors of f?
2
Let j(w) = w**3 - 7*w**2 + 5. Suppose -h - 8 = -t - 0*h, -12 = -3*t - h. Let y = t - -2. What are the prime factors of j(y)?
5
Let b(c) = c - 2. Let l be b(5). Suppose 2*y + y = -2*v + 17, v - 4*y = l. Suppose 3*g - v*g = -60. List the prime factors of g.
3, 5
Suppose 0 = -5*x + 5*y - y + 100, 5*y - 100 = -5*x. Suppose 2*w = -2*w + x. Suppose -v - 3*g = v + 1, -25 = w*g. List the prime factors of v.
7
Suppose -130 = -3*m - 2*m. What are the prime factors of m?
2, 13
Let q = 0 + 4. Let u be q/16 - (-151)/4. Suppose 3*k = u - 5. List the prime factors of k.
11
Let p(n) be the third derivative of -n**5/60 + 7*n**4/12 - 8*n**3/3 + 4*n**2. What are the prime factors of p(12)?
2
List the prime factors of (-54)/21*(2 + -9)*4.
2, 3
Suppose -2*l + 11 = -7. Suppose -2*v = 5*c - 3*c - 6, -3*v + 3*c + l = 0. What are the prime factors of v?
3
Let d be -11 + 0 + 0 - -1. Let b be (-82)/d - 2/10. Let a = -6 + b. List the prime factors of a.
2
Let l = 158 - 76. What are the prime factors of l?
2, 41
Let m(j) = 6*j**2 - 4*j + 4. Let k be m(5). Let z = k - 84. Suppose z = 5*b - 5*o, 2 = -2*o - 6. What are the prime factors of b?
2, 3
Let q = -11 + 6. Let j(o) = 2 - 3 - 185*o + 183*o. List the prime factors of j(q).
3
Let q be 15/6 + (-1)/(-2). Suppose 11 = -2*z + q*b, -18 = 3*z - 4*b - 4. Suppose 0 = i - z. List the prime factors of i.
2
Let l = 21 - 39. Let b be ((-7)/3)/((-3)/l). Let r = 24 + b. What are the prime factors of r?
2, 5
Let a be -4 - -43 - (0 - 0). Let o = a - 23. What are the prime factors of o?
2
Suppose 0 = -3*h - 6*h + 216. List the prime factors of h.
2, 3
Suppose 2*z + 2*z + 21 = -5*b, 0 = 4*b + 3*z + 16. Let p = -1 - b. Suppose -x + 16 - 6 = p. List the prime factors of x.
2, 5
Let o = 371 - 219. What are the prime factors of o?
2, 19
Let m(g) = g**2 + 6*g + 2. Let r be m(-8). Suppose 2*j + r = 4*j + f, 4*j = f + 42. List the prime factors of j.
2, 5
Suppose 3*g + 8 = 17. Let q(s) = s**2 + 3*s - 4. What are the prime factors of q(g)?
2, 7
Let g(y) = -y + 2. Let l be g(0). Let q be 0*(-2)/4 + l. Suppose q*v = 4*u + 2, u - 24 = -3*v - 0*u. What are the prime factors of v?
7
Suppose 0 = 3*r - 5*h - 40, 0*r = -5*r + 4*h + 45. Let n = r + 2. What are the prime factors of n?
7
Let b be (-1 + 2 + -3)*-2. Let a = b - 4. Suppose -o + a*o = -5. What are the prime factors of o?
5
Suppose -v - 3 = -1. Let p = -2 - v. Suppose 0 = 2*s - p*s - 18. What are the prime factors of s?
3
Let d = 11 + -6. Suppose -g = -3*f + 28, -d*f + 4*f - g = -8. List the prime factors of f.
3
Let l(o) = 2*o**2 - 2*o + 1. Let j(k) = -k**2 + 6*k + 8. Let s be j(7). Let q be l(s). Let f = 10 + q. List the prime factors of f.
11
Let j be -137*(-1 - -2)*1. Let n = -92 - j. Suppose 2*a = 5*a - n. List the prime factors of a.
3, 5
Let l = 161 - 28. List the prime factors of l.
7, 19
Let s(o) = -o - 6. Let g be s(7). Let q(p) = p**3 + 13*p**2 - 2*p - 7. List the prime factors of q(g).
19
Let b be -9*(-3)/((-3)/(-3)). Let u = b + -11. What are the prime factors of u?
2
Suppose -4*m = -3*m - 8. List the prime factors of m.
2
Let a(t) = 7*t**2 - 1. Let v(u) = -u**2 - 7*u - 4. Let s be v(-6). What are the prime factors of a(s)?
3
Let c(p) be the second derivative of -1/12*p**4 - 5/6*p**3 + 0 + 2*p**2 - 3*p. What are the prime factors of c(-5)?
2
Let a be 2/(-6) + (-19)/(-3). Let z = a - 3. What are the prime factors of z/5 - (-54)/10?
2, 3
Suppose 5*s + 3*q = 517, -2*s + 3*q + 89 = -s. List the prime factors of s.
101
Let u = -15 - -10. Let j = u + 9. Suppose 2*x + 52 = j*t, t - 4*x = -4*t + 68. What are the prime factors of t?
2, 3
Let n be 2/(-5) - (-12)/5. Suppose -2*m = -5*m - 2*h + 18, -m + 1 = -h. Let f = n + m. List the prime factors of f.
2, 3
Let t = 21 + 11. List the prime factors of t.
2
Let v(c) = c**3 + 4*c**2 - 7*c - 6. Let q be v(-5). Suppose -q*a + 4 = h - 67, -3*h = -a + 34. What are the prime factors of a?
19
Let h(l) = l**2 - 1. Let m(d) = 2*d**2 - 2*d + 1. Let n be m(1). Let x(f) = 4*f**2 + 5. Let i(z) = n*x(z) + 6*h(z). What are the prime factors of i(1)?
3
Let f = -17 + 38. What are the prime factors of f?
3, 7
Let a(h) = -h**3 + 7*h**2 - 4*h - 7. Let o be a(6). Suppose 3 = 2*j - o. List the prime factors of j.
2
Suppose 25 = 2*b + 3*b. Suppose 2*p = -2*f - 10, -b*p + 0*f - f = 29. What are the prime factors of ((-8)/6)/(p/27)?
2, 3
What are the prime factors of 4 + (-4)/4 + 43?
2, 23
Let i be ((-2)/(-6))/(3/54). Suppose i*f = 2*f + 52. What are the prime factors of f?
13
Let p be (-2 - -7)*18/5. Suppose 4*c - p = c. List the prime factors of -33*1*(-2)/c.
11
Let k(g) = -10*g**3 + g + 1. Suppose 5*f = -0*f. Suppose -m = -f*m + 1. What are the prime factors of k(m)?
2, 5
Suppose 0 = -2*j - 0*j + 94. What are the prime factors of j?
47
Let j = -6 - -10. Let h(u) = -3*u**2 - 3*u + 3*u**2 + 2 + u**2. What are the prime factors of h(j)?
2, 3
Let p(h) = -2*h + 11. Let v(j) = j - 11. Let i(a) = -5*p(a) - 4*v(a). What are the prime factors of i(6)?
5
Suppose 45 = 4*f - 3*j, 1 + 2 = 3*j. Suppose w = -f + 48. What are the prime factors of w?
2, 3
Suppose 2*n + x = 4*x - 5, -2*n - 4*x = -30. Suppose s - n - 17 = 5*o, -6 = 2*o. Suppose -2*u - s = -23. List the prime factors of u.
2
Suppose -2*k + 0*k + 3*c + 156 = 0, 4*c - 8 = 0. Let t = -40 + k. What are the prime factors of t?
41
Let s(x) = -19*x + 2. Let v be s(2). Suppose p - 53 = -z + 2*p, -4*z - 2*p = -194. Let t = z + v. What are the prime factors of t?
2, 7
Suppose h = 2*o - 4*h + 1020, -4*o - h - 2062 = 0. What are the prime factors of (-1)/6 + o/(-30)?
17
Suppose -u = 4*b - 77, 3*u - b - 3*b = 231. List the prime factors of u.
7, 11
Let c(b) = -b**2 + 6. Let l be c(8). Let n = -41 - l. List the prime factors of n.
17
Let z = 136 + -119. List the prime factors of z.
17
Let c(q) = -5*q + 1. Let y(d) = -d + 5. Let o be y(8). Let m be (-3 + 2)*o/(-3). List the prime factors of c(m).
2, 3
Suppose j + 3*o - 17 = 0, -4*j + 0*o + 40 = 5*o. Suppose -j = i + 11. Let q = -10 - i. List the prime factors of q.
2, 3
Suppose 0*o + 24 = o. Suppose -p = 2*p - o. Suppose -3*k = 9, -a + 8 = -2*k - p. What are the prime factors of a?
2, 5
Let t(m) = 3*m. Let l be t(1). Suppose 3*r + 2*i - 15 = -i, -4*i = -r - 5. List the prime factors of (20/r)/2*l.
2, 5
Let z(b) = 15*b - 7. List the prime factors of z(6).
83
Let a(y) = -y**2 - 9*y - 4. Let n be a(-9). List the prime factors of n/((-8)/14)*3.
3, 7
Suppose 0 = -5*t + 2*t. Suppose t*f = f. Suppose -y + 4*v = 2*y - 41, -3*y + 5*v + 46 = f. What are the prime factors of y?
7
Let n(u) = -u**3 - 16*u**2 - 17*u - 20. What are the prime factors of n(-15)?
2, 5
Suppose -34 - 2 = -2*v. Let r = v + -7. List the prime factors of r.
11
Let i be 1 + 3*-8*-1. Let a = i - -1. List the prime factors of a.
2, 13
Suppose -3*y + 2*y + 2*w = -38, 5*y + 5*w - 205 = 0. What are the prime factors of y?
2, 5
Suppose 0 = q - 0*q + 7. Let g = q - -8. Let n(i) = 20*i**3 + i**2 + i - 1. List the prime factors of n(g).
3, 7
Let d(s) = 142*s**2 - 141*s**2 - 9*s - 8 + 0. Let c be -1 - 0 - -3*4. List the prime factors of d(c).
2, 7
Suppose -t - 204 = -5*t. List the prime factors of t.
3, 1